{"id":1672,"date":"2019-08-02T14:48:32","date_gmt":"2019-08-02T12:48:32","guid":{"rendered":"https:\/\/projects.lne.eu\/jrp-edc-wfd\/?page_id=1672"},"modified":"2023-11-17T16:45:35","modified_gmt":"2023-11-17T16:45:35","slug":"wp4","status":"publish","type":"page","link":"https:\/\/projects.lne.eu\/jrp-neurobiostand\/wp4\/","title":{"rendered":"WP4: Creating impact"},"content":{"rendered":"<p>The objective of this work package is to disseminate the\u00a0 knowledge achieved in the three technical WP, to stakeholders and the end-user community.<\/p>\n<p><span style=\"color: #0000ff\"><b>WP leader: Prof P\u00e9ter K\u00f6rtv\u00e9lyessy (Charit\u00e9)<\/b><\/span><\/p>\n","protected":false},"excerpt":{"rendered":"<p>The objective of this work package is to disseminate the\u00a0 knowledge achieved in the three technical WP, to stakeholders and the end-user community. WP leader: Prof P\u00e9ter K\u00f6rtv\u00e9lyessy (Charit\u00e9)<\/p>\n","protected":false},"author":10,"featured_media":0,"parent":0,"menu_order":0,"comment_status":"closed","ping_status":"closed","template":"","meta":{"_acf_changed":false,"_genesis_hide_title":false,"_genesis_hide_breadcrumbs":false,"_genesis_hide_singular_image":false,"_genesis_hide_footer_widgets":false,"_genesis_custom_body_class":"","_genesis_custom_post_class":"","_genesis_layout":"","footnotes":""},"class_list":{"0":"post-1672","1":"page","2":"type-page","3":"status-publish","5":"entry","6":"gs-1","7":"gs-odd","8":"gs-even","9":"gs-featured-content-entry"},"acf":[],"_links":{"self":[{"href":"https:\/\/projects.lne.eu\/jrp-neurobiostand\/wp-json\/wp\/v2\/pages\/1672"}],"collection":[{"href":"https:\/\/projects.lne.eu\/jrp-neurobiostand\/wp-json\/wp\/v2\/pages"}],"about":[{"href":"https:\/\/projects.lne.eu\/jrp-neurobiostand\/wp-json\/wp\/v2\/types\/page"}],"author":[{"embeddable":true,"href":"https:\/\/projects.lne.eu\/jrp-neurobiostand\/wp-json\/wp\/v2\/users\/10"}],"replies":[{"embeddable":true,"href":"https:\/\/projects.lne.eu\/jrp-neurobiostand\/wp-json\/wp\/v2\/comments?post=1672"}],"version-history":[{"count":2,"href":"https:\/\/projects.lne.eu\/jrp-neurobiostand\/wp-json\/wp\/v2\/pages\/1672\/revisions"}],"predecessor-version":[{"id":2034,"href":"https:\/\/projects.lne.eu\/jrp-neurobiostand\/wp-json\/wp\/v2\/pages\/1672\/revisions\/2034"}],"wp:attachment":[{"href":"https:\/\/projects.lne.eu\/jrp-neurobiostand\/wp-json\/wp\/v2\/media?parent=1672"}],"curies":[{"name":"wp","href":"https:\/\/api.w.org\/{rel}","templated":true}]}}